common divisor of 28 and m.
28
Let m(w) = -w - 3. Let g be m(-4). Let b be (1 - -19) + (-1)/g. What is the highest common divisor of b and 38?
19
Let i be -202 + 1170 + (-6)/(-1) + 1. What is the greatest common divisor of i and 78?
39
Let c(k) be the first derivative of -k**2/2 - 6*k - 2. Let u be c(-9). Let i be u/((3/18)/1). What is the greatest common divisor of 144 and i?
18
Suppose -61 + 21 = -2*p. Let y = p + -2. Calculate the highest common factor of y and 36.
18
Let o(b) be the third derivative of -b**6/120 - b**5/12 - b**4/8 + b**3/2 - 13*b**2. Let m be o(-6). What is the greatest common divisor of 19 and m?
19
Let j be ((-3610)/(-12))/5 + 8/(-48). What is the highest common divisor of 48 and j?
12
Let z be (-2)/10 + (-252)/(-10). Let g = z + -6. Calculate the greatest common divisor of 133 and g.
19
Let h(z) = z**2 + 10*z + 9. Let l be h(-11). Suppose j + 2*g - 3*g - 1 = 0, -j = 4*g - 21. Calculate the greatest common factor of l and j.
5
Let n = -9 - -13. Suppose 0 = -5*w + 3*d + 66, -w - n*w = d - 58. Let x(z) = -z - 7. Let f be x(-10). Calculate the highest common factor of w and f.
3
Let h = 160 - -139. What is the highest common factor of h and 13?
13
Let x be (-44)/(-3)*(-9)/(-2). Let m = -210 + 169. Let a = x + m. What is the highest common factor of a and 5?
5
Let v be 1188/21 - 12/21. Suppose -2*t + 0*t + z + 58 = 0, 2*t - v = 2*z. What is the greatest common factor of 10 and t?
10
Suppose -4*f + 697 = 3*d, -5*d + 0*f + 1181 = -3*f. Let g(j) = -11*j + 9. Let z be g(-6). Let w = d - z. What is the highest common divisor of w and 20?
20
Let k be (-104)/28 - 4/14. Let t(y) = -y**3 - 4*y**2 - 2*y - 7. Let p be t(k). What is the greatest common divisor of 1 and p?
1
Let l(u) = -u**2 + 18*u + 24. Let m be l(19). Suppose -2*j = -m*i + 108, 2*i + 0*j = 3*j + 41. What is the highest common divisor of 242 and i?
22
Let u be (9/5)/(-4*12/(-2080)). Calculate the highest common factor of 4 and u.
2
Let v = -8 - -13. Let m(o) = -v + 3*o + 6 + 4*o**2 - 3*o**2 - 3. Let z be m(-9). What is the highest common factor of 26 and z?
26
Let b = -86 + 192. Suppose -q - 2 = 8*z - 3*z, 4*z = 5*q - b. Suppose -425*x = -417*x - 48. Calculate the greatest common factor of x and q.
6
Suppose -14*u + 832 + 736 = 0. Calculate the highest common factor of 21 and u.
7
Let x be 36/(-8)*(-4)/9. Suppose -3*b - 5*k - 28 = 0, k - 10 = 4*b - 2*b. Let w = b + 8. Calculate the highest common factor of w and x.
2
Let z = 147 + 13. Suppose -5*j + 4*v = -92, -4*v + v - 34 = -2*j. What is the greatest common divisor of z and j?
20
Let f = -33 + 69. Let o be (3 - 0)*(-20)/(-6)*6. What is the greatest common factor of o and f?
12
Let q = -1224 - -1518. Calculate the greatest common divisor of 210 and q.
42
Suppose 4*d + 104 = 2*u, -d = 3*u - 111 - 24. Calculate the greatest common factor of u and 391.
23
Suppose 2*u - 705 = -4*v + v, u + 3*v = 360. Suppose 4*p - 965 + u = 0. Let i = p - 83. What is the greatest common divisor of i and 9?
9
Let u(z) = -38*z + 4. Let v = -149 + 148. Let d be u(v). What is the greatest common divisor of 28 and d?
14
Let y(p) = 27*p - 17. Let c be y(4). Let x = c - -30. Calculate the greatest common divisor of x and 22.
11
Let m = 13 + -10. Suppose -m*z - 19 + 4 = 0. Let p = z + 14. What is the greatest common divisor of p and 6?
3
Let c(k) be the first derivative of 15*k**2/2 - 6*k - 2. Let l be c(2). Suppose 1 = 5*j - 179. What is the highest common factor of l and j?
12
Suppose -296*a = 41*a - 312 - 2721. Let i be -1 + 3 - 0/(-2). Suppose 5*v + u + i = 44, 42 = 4*v - 2*u. Calculate the greatest common factor of a and v.
9
Suppose 3*s + 3*a - 1860 = 0, 2955 - 480 = 4*s + 3*a. Let t = s + -318. What is the greatest common divisor of t and 27?
27
Let v be (0 - 4) + -2 + 42. Let b be (-28)/42 - 47/(-3). Suppose 2*x = w - x - b, -5*w + 92 = 2*x. Calculate the highest common divisor of w and v.
18
Let d(a) = -a**3 - 7*a**2 + 5*a - 14. Let p be d(-8). Suppose 0 = -p*z + 5*z - l + 265, -l - 47 = -z. What is the greatest common factor of 130 and z?
26
Let r(d) = -d**2 - 7*d + 19. Let k(j) = j**2 + 4*j - 9. Let b(a) = 5*k(a) + 3*r(a). Let y be b(4). What is the highest common divisor of y and 10?
10
Let f = -138 - -246. Let y(v) = -8*v + 1. Let i(n) = n. Let k(o) = -21*i(o) - 3*y(o). Let m be k(5). What is the greatest common factor of f and m?
12
Suppose -438 - 82 = -5*g + 5*w, -2*w + 548 = 5*g. Calculate the greatest common divisor of g and 252.
36
Let z = -266 + 278. What is the greatest common factor of 16 and z?
4
Let m = -414 - -427. Calculate the greatest common factor of 1 and m.
1
Suppose -195 = -7*z + 2*z. Let q(y) = -333*y - 21. Let x be q(-1). Calculate the highest common factor of x and z.
39
Let l = -9 + 14. Suppose -35 = -2*r - l*r. What is the greatest common factor of 5 and r?
5
Let t be (-40)/50 + -1 + 529/5. Calculate the greatest common divisor of t and 26.
26
Suppose 17*y = 107 + 1032. What is the highest common factor of 335 and y?
67
Let m be (15/(-6))/(-3 + (-123)/(-42)). Calculate the highest common factor of m and 15.
5
Suppose -5*o + 4*c + 610 = 0, 8*c - 9*c = o - 131. What is the greatest common divisor of 18 and o?
18
Let m be (-120)/(-35)*9/(-24)*-28. What is the greatest common factor of m and 45?
9
Let w = 272 - 132. Let u = 336 - w. What is the greatest common factor of 28 and u?
28
Suppose 0 = -2*h - 2 + 18. Suppose -h*p + 173 = -67. Calculate the highest common factor of 6 and p.
6
Suppose o + 3*o - 76 = 4*n, -4*n - 5*o - 67 = 0. Let m be 30/n*(-6)/2. Suppose -62 + 22 = -m*z. What is the highest common factor of 16 and z?
8
Let w = -1353 + 2415. Suppose -4*s - a + 1059 = 0, -4*s - 2*a + w = -0*s. Calculate the greatest common divisor of s and 24.
24
Let a = -7 - -5. Suppose 0 = 4*g - 8*g - 48. Let x be (g/(-9) + a)*-15. Calculate the greatest common divisor of x and 40.
10
Suppose -f - c = -48, f = -f + 3*c + 81. Let d = -7 + 109. Let o = d - f. Calculate the greatest common divisor of o and 38.
19
Let r(s) = 10*s**2 - 26*s - 48. Let o be r(-2). Calculate the highest common factor of 1188 and o.
44
Let j(g) be the second derivative of -g**5/20 - g**4/2 - g**3/6 + 3*g**2 - 8*g. Let s be j(-6). What is the greatest common divisor of s and 48?
12
Suppose -14*k - 11*k + 600 = 0. What is the highest common factor of 108 and k?
12
Let n be 12/30 - ((-228)/(-10))/(-3). Suppose -140 = n*x - 10*x. Calculate the greatest common factor of 105 and x.
35
Suppose -7*r + 345 = -2*r. What is the highest common factor of 115 and r?
23
Suppose 22 = t + 5*p, 0 = -2*t + 7*t - 5*p - 50. Suppose -c = -0*c - t. What is the highest common divisor of c and 36?
12
Let i = 143 - 124. What is the highest common divisor of 95 and i?
19
Suppose -16 + 6 = -2*g. Let w be (g - 31)*3/6*-1. What is the greatest common factor of w and 65?
13
Let g(a) = 56*a - 51. Let v be g(7). Calculate the greatest common factor of v and 31.
31
Let f(y) = -y**3 + 14*y**2 - 28*y + 136. Let d be f(10). What is the highest common factor of d and 272?
16
Let x be 392/(-6)*18/(-12). Suppose 2*d = 3*i - 142, i = -i - 2*d + x. What is the greatest common divisor of 16 and i?
16
Let f be (-54 + 57)*(-1408)/(-6). What is the greatest common factor of f and 132?
44
Let a be 166/18 - (-4)/(-18). Let g(w) = -w**2 + 10*w - 5. Let o be g(a). Suppose 132 = -0*x + o*x. Calculate the highest common factor of x and 11.
11
Let c be 21*(-1 - 4/(-2)). Let l be (4*34)/4 + 0. Let w = -20 + l. What is the highest common factor of w and c?
7
Suppose -545 = -2*t + 1927. What is the highest common factor of 12 and t?
12
Let l(x) = -x**2 - 24*x - 57. Let u be l(-11). Calculate the highest common divisor of 129 and u.
43
Suppose 5*r - 206 = 34. Let b(l) = -12*l + 180. Let m be b(14). Calculate the greatest common divisor of m and r.
12
Suppose -2*l + 3*o = -510, -2*l - 8*o + 3*o + 494 = 0. Suppose 0 = -5*w - 2*g + 148, -80 = -3*w - 0*g + g. What is the highest common divisor of w and l?
28
Suppose 2*b - 4*b = 3*h - 21, 18 = b - h. Suppose q = -2*q + b. Suppose 224 - 64 = q*z. What is the greatest common factor of 4 and z?
4
Let r = 7268 + -7258. Let c = -3 - -1. Let n be (c/(-3))/((-2)/(-12)). What is the greatest common divisor of r and n?
2
Let v be (-13)/(-5) - (-6)/15. Suppose -171 -